{"id":78,"date":"2018-08-27T12:59:54","date_gmt":"2018-08-27T12:59:54","guid":{"rendered":"https:\/\/www.fiskiyemarketi.com\/?post_type=product&#038;p=78"},"modified":"2024-01-09T12:23:08","modified_gmt":"2024-01-09T12:23:08","slug":"16-3t","status":"publish","type":"product","link":"https:\/\/www.fiskiyemarketi.com\/?product=16-3t","title":{"rendered":"16-3T"},"content":{"rendered":"<p>1 1\/2&#8221; giri\u015fli pirin\u00e7 malzeme \u00fczeri krom kaplama<\/p>\n","protected":false},"excerpt":{"rendered":"<p>1 1\/2&#8221; giri\u015fli pirin\u00e7 malzeme \u00fczeri krom kaplama<\/p>\n","protected":false},"featured_media":396,"comment_status":"closed","ping_status":"closed","template":"","meta":[],"product_cat":[15,17,32],"product_tag":[196,197,165,183,185,181,182,160,194,162,172,169,184,187,190,163,168,171,180,158,173,191,193,189,192,166,167,170,164,188,66,195],"_links":{"self":[{"href":"https:\/\/www.fiskiyemarketi.com\/index.php?rest_route=\/wp\/v2\/product\/78"}],"collection":[{"href":"https:\/\/www.fiskiyemarketi.com\/index.php?rest_route=\/wp\/v2\/product"}],"about":[{"href":"https:\/\/www.fiskiyemarketi.com\/index.php?rest_route=\/wp\/v2\/types\/product"}],"replies":[{"embeddable":true,"href":"https:\/\/www.fiskiyemarketi.com\/index.php?rest_route=%2Fwp%2Fv2%2Fcomments&post=78"}],"wp:featuredmedia":[{"embeddable":true,"href":"https:\/\/www.fiskiyemarketi.com\/index.php?rest_route=\/wp\/v2\/media\/396"}],"wp:attachment":[{"href":"https:\/\/www.fiskiyemarketi.com\/index.php?rest_route=%2Fwp%2Fv2%2Fmedia&parent=78"}],"wp:term":[{"taxonomy":"product_cat","embeddable":true,"href":"https:\/\/www.fiskiyemarketi.com\/index.php?rest_route=%2Fwp%2Fv2%2Fproduct_cat&post=78"},{"taxonomy":"product_tag","embeddable":true,"href":"https:\/\/www.fiskiyemarketi.com\/index.php?rest_route=%2Fwp%2Fv2%2Fproduct_tag&post=78"}],"curies":[{"name":"wp","href":"https:\/\/api.w.org\/{rel}","templated":true}]}}