{"id":750,"date":"2025-11-24T12:35:18","date_gmt":"2025-11-24T12:35:18","guid":{"rendered":"https:\/\/www.fiskiyemarketi.com\/?post_type=product&#038;p=750"},"modified":"2025-11-24T12:36:54","modified_gmt":"2025-11-24T12:36:54","slug":"3x6x1-5-m-fiberglass-yuzme-havuzu-mekanik-montajli","status":"publish","type":"product","link":"https:\/\/www.fiskiyemarketi.com\/?product=3x6x1-5-m-fiberglass-yuzme-havuzu-mekanik-montajli","title":{"rendered":"3X6X1.5 M F\u0130BERGLASS Y\u00dcZME HAVUZU mekanik-montajl\u0131"},"content":{"rendered":"","protected":false},"excerpt":{"rendered":"","protected":false},"featured_media":701,"comment_status":"closed","ping_status":"closed","template":"","meta":[],"product_cat":[15,81],"product_tag":[165,179,160,162,172,169,163,168,171,158,173,166,167,170,164],"_links":{"self":[{"href":"https:\/\/www.fiskiyemarketi.com\/index.php?rest_route=\/wp\/v2\/product\/750"}],"collection":[{"href":"https:\/\/www.fiskiyemarketi.com\/index.php?rest_route=\/wp\/v2\/product"}],"about":[{"href":"https:\/\/www.fiskiyemarketi.com\/index.php?rest_route=\/wp\/v2\/types\/product"}],"replies":[{"embeddable":true,"href":"https:\/\/www.fiskiyemarketi.com\/index.php?rest_route=%2Fwp%2Fv2%2Fcomments&post=750"}],"wp:featuredmedia":[{"embeddable":true,"href":"https:\/\/www.fiskiyemarketi.com\/index.php?rest_route=\/wp\/v2\/media\/701"}],"wp:attachment":[{"href":"https:\/\/www.fiskiyemarketi.com\/index.php?rest_route=%2Fwp%2Fv2%2Fmedia&parent=750"}],"wp:term":[{"taxonomy":"product_cat","embeddable":true,"href":"https:\/\/www.fiskiyemarketi.com\/index.php?rest_route=%2Fwp%2Fv2%2Fproduct_cat&post=750"},{"taxonomy":"product_tag","embeddable":true,"href":"https:\/\/www.fiskiyemarketi.com\/index.php?rest_route=%2Fwp%2Fv2%2Fproduct_tag&post=750"}],"curies":[{"name":"wp","href":"https:\/\/api.w.org\/{rel}","templated":true}]}}