{"id":749,"date":"2025-11-24T12:33:43","date_gmt":"2025-11-24T12:33:43","guid":{"rendered":"https:\/\/www.fiskiyemarketi.com\/?post_type=product&#038;p=749"},"modified":"2025-11-24T12:34:59","modified_gmt":"2025-11-24T12:34:59","slug":"3x7x1-5-m-fiberglass-yuzme-havuzu-mekanik-montajli","status":"publish","type":"product","link":"https:\/\/www.fiskiyemarketi.com\/?product=3x7x1-5-m-fiberglass-yuzme-havuzu-mekanik-montajli","title":{"rendered":"3X7X1.5 M F\u0130BERGLASS Y\u00dcZME HAVUZU- mekanik montajl\u0131"},"content":{"rendered":"","protected":false},"excerpt":{"rendered":"<p>fiberglass y\u00fczme havuzu<\/p>\n<p>polyester havuz<\/p>\n","protected":false},"featured_media":717,"comment_status":"closed","ping_status":"closed","template":"","meta":[],"product_cat":[15,81],"product_tag":[165,179,217,221,222,160,162,172,169,218,163,168,171,158,173,216,220,166,167,170,164],"_links":{"self":[{"href":"https:\/\/www.fiskiyemarketi.com\/index.php?rest_route=\/wp\/v2\/product\/749"}],"collection":[{"href":"https:\/\/www.fiskiyemarketi.com\/index.php?rest_route=\/wp\/v2\/product"}],"about":[{"href":"https:\/\/www.fiskiyemarketi.com\/index.php?rest_route=\/wp\/v2\/types\/product"}],"replies":[{"embeddable":true,"href":"https:\/\/www.fiskiyemarketi.com\/index.php?rest_route=%2Fwp%2Fv2%2Fcomments&post=749"}],"wp:featuredmedia":[{"embeddable":true,"href":"https:\/\/www.fiskiyemarketi.com\/index.php?rest_route=\/wp\/v2\/media\/717"}],"wp:attachment":[{"href":"https:\/\/www.fiskiyemarketi.com\/index.php?rest_route=%2Fwp%2Fv2%2Fmedia&parent=749"}],"wp:term":[{"taxonomy":"product_cat","embeddable":true,"href":"https:\/\/www.fiskiyemarketi.com\/index.php?rest_route=%2Fwp%2Fv2%2Fproduct_cat&post=749"},{"taxonomy":"product_tag","embeddable":true,"href":"https:\/\/www.fiskiyemarketi.com\/index.php?rest_route=%2Fwp%2Fv2%2Fproduct_tag&post=749"}],"curies":[{"name":"wp","href":"https:\/\/api.w.org\/{rel}","templated":true}]}}