{"id":567,"date":"2020-05-27T07:20:53","date_gmt":"2020-05-27T07:20:53","guid":{"rendered":"https:\/\/www.fiskiyemarketi.com\/?page_id=567"},"modified":"2025-11-28T14:35:37","modified_gmt":"2025-11-28T14:35:37","slug":"iletisim","status":"publish","type":"page","link":"https:\/\/www.fiskiyemarketi.com\/?page_id=567","title":{"rendered":"\u0130LET\u0130\u015e\u0130M"},"content":{"rendered":"\n<p>Telefon: +90(312) 395 10 09  <\/p>\n\n\n\n<p>Telefon: +90(537) 894 70 88<\/p>\n\n\n\n<p>E-Posta: info@fiskiyemarketi.com<\/p>\n\n\n\n<p>E-Posta: fiskiyemarketi@outlook.com<\/p>\n\n\n\n<p>Adres: Yuvak\u00f6y Mahallesi 3707 Sokak No:84\/T\u0130C1 Merkez Yenimahalle\/ANKARA<\/p>\n\n\n\n<p> <\/p>\n","protected":false},"excerpt":{"rendered":"<p>Telefon: +90(312) 395 10 09 Telefon: +90(537) 894 70 88 E-Posta: info@fiskiyemarketi.com E-Posta: fiskiyemarketi@outlook.com Adres: Yuvak\u00f6y Mahallesi 3707 Sokak No:84\/T\u0130C1 Merkez Yenimahalle\/ANKARA<\/p>\n","protected":false},"author":1,"featured_media":0,"parent":0,"menu_order":0,"comment_status":"closed","ping_status":"closed","template":"","meta":[],"_links":{"self":[{"href":"https:\/\/www.fiskiyemarketi.com\/index.php?rest_route=\/wp\/v2\/pages\/567"}],"collection":[{"href":"https:\/\/www.fiskiyemarketi.com\/index.php?rest_route=\/wp\/v2\/pages"}],"about":[{"href":"https:\/\/www.fiskiyemarketi.com\/index.php?rest_route=\/wp\/v2\/types\/page"}],"author":[{"embeddable":true,"href":"https:\/\/www.fiskiyemarketi.com\/index.php?rest_route=\/wp\/v2\/users\/1"}],"replies":[{"embeddable":true,"href":"https:\/\/www.fiskiyemarketi.com\/index.php?rest_route=%2Fwp%2Fv2%2Fcomments&post=567"}],"version-history":[{"count":12,"href":"https:\/\/www.fiskiyemarketi.com\/index.php?rest_route=\/wp\/v2\/pages\/567\/revisions"}],"predecessor-version":[{"id":758,"href":"https:\/\/www.fiskiyemarketi.com\/index.php?rest_route=\/wp\/v2\/pages\/567\/revisions\/758"}],"wp:attachment":[{"href":"https:\/\/www.fiskiyemarketi.com\/index.php?rest_route=%2Fwp%2Fv2%2Fmedia&parent=567"}],"curies":[{"name":"wp","href":"https:\/\/api.w.org\/{rel}","templated":true}]}}